 47. Let x be v(0). Suppose 52*d - 125 = x*d. Calculate the greatest common divisor of d and 325.
25
Let j = 627760 + -627724. Suppose -203 = 2*k - 803. What is the highest common factor of k and j?
12
Suppose -h - 5*c + 50 - 46 = 0, -2*h + 5*c + 23 = 0. Let i be (18 + 0)*168/h. What is the highest common factor of 6 and i?
6
Suppose 2*i - 3*h - 19 = 0, 4*h - 2*h = 7*i - 75. Calculate the highest common divisor of 11231 and i.
11
Let h be 30/(-12)*(-16)/2. Suppose -3*q + 37 = -h. Calculate the highest common divisor of 152 and q.
19
Let w(h) = -11 - 2*h + 54 + 0*h + h. Let x be w(21). Let y be (365/2 + -1)/((-105)/(-140)). What is the greatest common factor of y and x?
22
Let r = -3860 + 4097. What is the highest common factor of 3 and r?
3
Let y = -1783 + 4135. Calculate the greatest common factor of y and 96.
48
Let i(r) = -r**3 - 18*r**2 + 39*r - 17. Let k be i(-20). Suppose 5*f = -k*c + 1363, 10*c - 9*c - 821 = -3*f. What is the greatest common factor of f and 110?
55
Suppose -4*r - 12 = 0, r + 0*r = -3*m - 462. Let j = -143 - m. What is the highest common factor of j and 270?
10
Suppose s + 2*d - 398 = -0*d, -4*d + 388 = s. Let c = -114 - -138. Calculate the highest common factor of s and c.
24
Suppose -p = -o + 8, -4*p - p = -2*o + 10. Suppose 8 = -s + o. Let y be s + (-287)/(-6) - (-6)/36. Calculate the greatest common divisor of y and 40.
10
Let s be 1/(-2)*-222*(-120)/(-72). Calculate the highest common factor of 481 and s.
37
Suppose 2*k - 183*f + 177*f = 44, -3*k - f + 36 = 0. Suppose n - 67 - 37 = 0. What is the highest common factor of n and k?
13
Let w(n) = n**3 - 5*n**2 + 7*n - 7. Suppose y = 2 + 2, 3*l = -y + 16. Let f be w(l). Suppose -151 = -5*d + 49. Calculate the greatest common divisor of d and f.
5
Let v(b) = -b**3 + 35*b**2 + 119*b - 1588. Let f be v(37). Calculate the highest common divisor of 3245 and f.
11
Let m(w) = -w**3 + 9*w**2 - 7*w + 12. Let u be m(8). Let i be (-225)/6*1*(-14)/21. Calculate the greatest common factor of i and u.
5
Suppose 4*b = 4*v + 604, -28*b = -23*b - 3*v - 757. What is the greatest common factor of 24 and b?
8
Let l be 38 + 3 + -10*1/2. Calculate the highest common factor of l and 198.
18
Suppose 6*c - 11*c = -4*i + 415, -c = 3*i - 335. Suppose -10*r + i = -290. Calculate the greatest common factor of 184 and r.
8
Let l(g) = g**2 + 37*g - 93. Let r be l(-39). Let c be 6/r + (-8)/(-20) + 1. What is the highest common divisor of 8 and c?
1
Suppose 260*h - 261*h - 4*t = -70, 3*h = 2*t + 168. Calculate the greatest common divisor of h and 3596.
58
Suppose -12*u - 8 = -14*u. Suppose 2*f - u*m - 62 = 38, -f = -5*m - 62. What is the highest common factor of 196 and f?
14
Let q be -3 - ((-669)/15 + 3)*465/2. What is the highest common factor of q and 66?
33
Let n(l) = -124*l**3 + 2*l + 52. Let d be n(-5). What is the greatest common factor of 38 and d?
38
Suppose 435 = 3*d + b, -3*d - 4*b = -0*d - 426. Let z = 679 - d. Calculate the greatest common factor of 41 and z.
41
Suppose -38*u = -41*u + 15, 0 = -4*a - 3*u + 195. Calculate the greatest common factor of 735 and a.
15
Suppose 9*s = 100*s - 35217. What is the highest common factor of 129 and s?
129
Suppose -u + 17 + 16 = 2*z, 5*u = -3*z + 39. Suppose 21*h + 2178 = 13392. Let x = 543 - h. Calculate the highest common factor of z and x.
9
Let w(z) = z**3 - 5*z**2 - 2*z - 9. Let j be w(8). Let d = -68 + j. What is the greatest common factor of d and 11?
11
Let r be -2 - (-9 + (-4 - -4 - 1)). Let a be (-21)/(-28) + (1594/r)/1. Suppose 5*u - 55 = a. Calculate the highest common divisor of u and 34.
17
Let x = -40 - -225. Suppose -15*m + 55 + x = 0. Let r = 135 + -23. Calculate the highest common factor of r and m.
16
Let t = -22379 - -22419. Let s(l) = l**3 - 4*l**2 + 5. Let u be s(4). What is the greatest common divisor of u and t?
5
Suppose -t + 4*q - 2775 = -2846, 4*t + 4*q - 144 = 0. What is the greatest common divisor of 116 and t?
1
Suppose 13*t = 18*t - 25, 0 = -4*q - 2*t + 118. Let z be q/(-45) + (-2896)/(-10). Calculate the greatest common factor of 17 and z.
17
Let t be (416/140 - (-112)/(-196))*(92 + -2). Calculate the greatest common factor of 15336 and t.
216
Let x = -223 - -227. Suppose 2*q = j - 480, -1920 = -x*j - 16*q + 15*q. What is the highest common divisor of 30 and j?
30
Let s be ((-31)/(-2))/((-1)/(-18)). Let n = -219 + s. Calculate the greatest common divisor of n and 96.
12
Suppose -4*u + 1085 = 3*q + 324, 0 = -q + 3. What is the greatest common divisor of u and 2961?
47
Let b be (-22)/(-10) + -2 - (-72)/40. Suppose -5*f + 26 = c - 19, b*f = -c + 15. Let k be (6/4)/((-18)/(-120)). Calculate the greatest common factor of f and k.
10
Suppose -4*l - 8 = -3*c - c, -5*l = -4*c + 6. Let p(v) = 2*v**2 + 28*v + 110. Let t be p(-3). Calculate the highest common divisor of t and c.
4
Let g(k) = -99*k + 1. Let y be g(-1). What is the greatest common factor of 725 and y?
25
Let u(k) = -k**2 + 6*k - 2. Let c be u(5). Suppose -4*l - 4*b + 36 = 4, -30 = -5*b. Calculate the highest common factor of l and c.
1
Suppose 4*k = d + 2*k - 586, -d + 3*k + 588 = 0. Let y = -43 + d. What is the greatest common factor of 11 and y?
11
Let m(q) = -3*q**2 + 59*q - 33. Let z be m(11). What is the greatest common factor of z and 138?
23
Suppose -3*u - 750 + 513 = 0. Suppose 4*x - 1 - 431 = -4*o, -3*x = o - 318. Let p = u + x. What is the greatest common divisor of p and 78?
26
Let m = -1253 - -1333. What is the highest common factor of 410 and m?
10
Let z be 5/70*-6 - 3400/(-28). Let v(g) = 2*g**2 + 7*g - 70. Let c be v(6). What is the highest common divisor of z and c?
11
Let y = -120 - -128. Suppose y*x + 384 = 12*x. Calculate the highest common divisor of 3 and x.
3
Suppose 4*k - a - 1021 = 4*a, -3*k + 762 = -5*a. Suppose 206*l - 2186 = 95*l - 632. What is the greatest common divisor of k and l?
7
Let x be (4/10)/(1/(-5)). Let t = 8669 - 8672. Let z be (232/20 + x)/(t/(-10)). Calculate the highest common factor of z and 48.
16
Let d be 57/(-21) + 2/(-7). Suppose -61 = -h - t - 3*t, 0 = -h + 3*t + 40. Let n = h + d. What is the greatest common factor of 46 and n?
46
Let g(m) = -2*m**2 + 15*m + 48. Let b be g(0). Let t be (34/(-119))/(2/(-574)). Let u = 162 - t. Calculate the greatest common divisor of b and u.
16
Let x(y) = 4231*y + 42. Let h be x(0). Calculate the greatest common divisor of h and 273.
21
Suppose 6*d = -57 + 135. Suppose -4*t + b + d + 181 = 0, -5*t - 3*b = -234. Calculate the highest common divisor of t and 12.
12
Suppose 3*c - 2 = 4. Let r be c/((-3)/6 - -1). Suppose r*u - 17 = 39. What is the greatest common divisor of 70 and u?
14
Let x = 38565 - 38545. What is the highest common factor of 2330 and x?
10
Let h(b) = -92*b - 1949. Let u be h(-22). Calculate the highest common factor of u and 2275.
25
Suppose -5*m + 3*c + 12 = 0, m = -2*m - 4*c + 13. Suppose 2*y = -a + 26 + m, 5*y = 25. What is the greatest common factor of a and 19?
19
Suppose 207 - 171 = f. Calculate the highest common divisor of 1284 and f.
12
Suppose 5*w - 840 = -16*w. Suppose 0 = -w*z + 273 + 487. What is the highest common factor of z and 304?
19
Suppose 8*l = l + 686. Suppose s = l + 67. Calculate the highest common divisor of 55 and s.
55
Let d(f) = 9*f - 10. Let m be d(12). Let j = m + -46. Let y be ((-104)/10)/((-72)/540). Calculate the highest common factor of j and y.
26
Let u = 942 + -41. Calculate the highest common divisor of 53 and u.
53
Let x be 6/10 + (-12336)/(-40). Let d = 77 + x. Let y be 42/273 - d/(-26). What is the highest common divisor of 135 and y?
15
Let s(m) = 437*m**2 - 23*m - 172. Let k be s(-5). Calculate the greatest common divisor of 156 and k.
52
Let p(a) = -2*a**2 + 136*a + 11. Let z be p(67). Calculate the highest common divisor of z and 7685.
145
Suppose -98 = -4*l + 5*g, -l + 3*l = -3*g + 38. Let k(c) = 7317*c + 66106. Let r be k(-9). What is the greatest common divisor of r and l?
11
Suppose -98*n + 96*n = 2. Let s be (9/9 + 272)*n/(-1). What is the highest common factor of 39 and s?
39
Let t be ((-9)/12)/(6*6/(-576)). Suppose t = 2*n - 4*q, -n + 7 + 5 = 4*q. Calculate the highest common factor of 28 and n.
4
Suppose -25*d - 122*d = -5*d - 584756. Calculate the highest common divisor of d and 71.
71
Suppose 0 = -22*b - 7*b +